4*l - 4*l + 9*l - 3*l. Let g be d(6). Calculate the highest common divisor of g and h.
14
Suppose -2*n = 3*w - 30, -2*n + 7*w + 16 = 3*w. Suppose -396 = 2*a - 5*a. Calculate the greatest common divisor of a and n.
12
Suppose 15 + 9 = 6*r. Suppose 16 = -r*t + 5*t. Calculate the greatest common factor of t and 144.
16
Suppose -4*y + 2 = -38. Let m be (-2 - 1) + -5 + y. Suppose -100 = -5*r - 4*w, -2*r + 40 = -w + m*w. What is the highest common factor of r and 50?
10
Let b(g) = 2*g. Let a be b(20). Let r = a + -28. What is the greatest common factor of r and 108?
12
Suppose 4*z - 8 = -a, 4*z = -5*a + z + 23. Let w = a + 9. Calculate the highest common divisor of w and 65.
13
Suppose -1 = -5*t + 19. Suppose -t*h = -h - 306. What is the highest common divisor of h and 34?
34
Let t be ((-2)/(-6))/(5/285). Suppose b - 187 = -5*y + 578, y - 3*b = 137. What is the greatest common divisor of y and t?
19
Let l = -34 + 40. Let d be (2/(-4))/((-2)/28). Let r = d + 5. Calculate the highest common factor of r and l.
6
Let l = 23 + -17. Suppose 2*c - l*c - 16 = 0. Let v be 8 - -2 - c/(-4). What is the greatest common divisor of 36 and v?
9
Suppose -7*k - 31 - 808 = -5*v, -4*v = k - 658. What is the highest common factor of 220 and v?
55
Let r = -296 - -377. What is the greatest common divisor of r and 54?
27
Let y(z) = -40*z**3 - z**2 - 4*z - 3. Suppose 3*c + 0*c = -3. Let p be y(c). Calculate the highest common divisor of p and 100.
20
Let r be 0 - 2*(4/4 + -13). What is the highest common divisor of r and 18?
6
Let o = 141 - 137. What is the highest common factor of o and 1?
1
Let m(b) = -b**3 + 6*b**2 - 2*b - 7. Let g be m(5). Let q(z) = z**2 - 6*z - 2. Let f be q(g). What is the highest common factor of f and 28?
14
Let l = -348 + 707. Let f = 576 - l. Calculate the greatest common factor of 31 and f.
31
Suppose -48*h + 44*h + 8 = 0. Let i be (264/(-18))/(h/(-3)) + 2. Calculate the highest common divisor of 72 and i.
24
Let z(o) = 3*o - 18. Let b be z(5). Let v be (b/6*-6)/((-3)/(-31)). Calculate the greatest common factor of 62 and v.
31
Let o be 256/24 - -5*(-8)/60. What is the highest common factor of 40 and o?
10
Suppose -3*r = r - 4, 0 = -n - 2*r + 93. What is the greatest common factor of 28 and n?
7
Suppose -3*s - 276 = 3*s. Let i = s - -82. Calculate the highest common factor of i and 4.
4
Let s(a) = -37*a**2 - 25*a + 23. Let f be s(1). Suppose 2*n = n + 79. Let g = n + f. What is the highest common divisor of g and 5?
5
Let z be (6/2 + -49)*1. Let f = 1 - z. Let l = f + -20. Calculate the greatest common divisor of l and 18.
9
Let v be (1 + 6/(-42))*98/3. What is the highest common divisor of 182 and v?
14
Let y be (14/(-10) + 3/(-5))/(-1). Let q = -3 - -5. What is the greatest common divisor of y and q?
2
Suppose -2*c + 5*c - 24 = 0. Suppose 4*z - 66 = -2*w, -3*w = -c*w + 3*z + 126. Calculate the greatest common divisor of w and 36.
9
Suppose 4 = 2*b + 2*f, -4*f = -b - 3*b + 40. Let x be ((-260)/(-39))/(2/b). What is the highest common factor of 20 and x?
20
Let k(r) = -10*r - 91. Let t be k(-19). What is the highest common factor of t and 27?
9
Let r(a) = -3*a**2 - 31*a - 22. Let u be r(-9). What is the greatest common factor of 18 and u?
2
Let o be 4/12 + (112/24 - 3). What is the highest common divisor of o and 446?
2
Let a be (-20)/(-4)*1*1. Suppose 0*z + 3*z - q - 3 = 0, 3*z = -a*q + 21. Let m = 43 + -21. What is the highest common factor of z and m?
2
Suppose -4*f + 2*t + 4510 = 0, f + 4*t - 1120 = 3*t. Calculate the highest common divisor of f and 9.
9
Suppose 3*b - 4*b + 20 = 0. Let r be (12 - (0 - -2))/((-9)/(-90)). What is the highest common factor of r and b?
20
Let j = -58 - -84. Let r be j/(1 + 2/(-4)). What is the greatest common factor of 572 and r?
52
Let d be (-1)/2*(-528)/33. Let l = 1 + 7. Calculate the highest common factor of l and d.
8
Suppose -6552 = -30*j + 16*j. Calculate the highest common factor of 144 and j.
36
Let w be (72 - 2) + (-5 - -1). Calculate the highest common factor of w and 297.
33
Let z(c) = 181*c + 237. Let v be z(-1). What is the highest common divisor of 308 and v?
28
Suppose 4*p + 3*z = 11, -7 = -4*p - 4*z + 5. Let t = p + 196. Let l(i) = -4*i + 18. Let g be l(0). What is the greatest common factor of t and g?
18
Suppose -c = -24*l + 19*l + 8, 5*c - 29 = 2*l. Calculate the greatest common divisor of c and 413.
7
Let t = 41 - 38. Suppose 0*y = 4*y - 4*r - 20, 2*r - 35 = -t*y. Calculate the greatest common divisor of 9 and y.
9
Suppose -4*h = -4, -5*j + 7*h = 2*h - 10. Let z(m) = 1 - m + 4 + 6*m. Let n be z(j). What is the greatest common factor of n and 10?
10
Let g = 25 - 1. What is the highest common divisor of 372 and g?
12
Suppose 20*p = 22*p - 10. Suppose -3*j - 2*x + 60 = x, j - 35 = -4*x. What is the highest common factor of p and j?
5
Suppose -5*u = -8*u. Suppose -3*q = -u*q. Suppose q = -4*t - t + 105. What is the highest common factor of t and 3?
3
Let l(h) = -40*h + 267. Let n be l(6). What is the highest common factor of 243 and n?
27
Suppose 7*k - 9*k + 112 = 0. Suppose -k = -w + 25. What is the highest common divisor of 18 and w?
9
Suppose 0 = -2*i + 1 + 17. Suppose -6*r + i*r = 120. Calculate the highest common factor of 16 and r.
8
Suppose -3*h = -z - 2*h + 107, -5*h + 186 = 2*z. Let o = 106 - z. Calculate the greatest common divisor of 3 and o.
3
Let y(z) = 11*z**2 + 3*z + 5. Let s be y(-2). Let i = -30 + s. Suppose 5*m = -4*j + i + 5, 4*j - 3*m - 2 = 0. Calculate the greatest common divisor of j and 14.
2
Let d = -106 - -309. Let f(k) = k. Let r(w) = -w - 1. Let o(q) = -4*f(q) + r(q). Let p be o(-6). Calculate the greatest common factor of p and d.
29
Let x(u) = -2*u + 0*u - 6 + 6*u. Let t be x(5). Suppose 39*n - 125*n + 2578 = 772. Calculate the highest common divisor of t and n.
7
Suppose -13*l = -3*l - 20. What is the greatest common factor of l and 34?
2
Let y be (-8 + 7)*(-1)/(2/30). Calculate the highest common factor of y and 75.
15
Suppose 0 = 5*t + 5*m - 40, -4*t + 2*m = -52 + 14. Calculate the highest common divisor of t and 981.
9
Suppose k = -1, 11*o + 322 = 14*o - 4*k. Calculate the greatest common divisor of o and 1325.
53
Let r = -810 + 834. Let k(s) = 2*s + 10. Let m be k(7). What is the greatest common factor of m and r?
24
Let u be (-14)/(-4) + 15/(-10). Suppose -15 = -u*y + 2*a - 3*a, -21 = -2*y + a. Let w be ((-90)/(-25))/(2/40). Calculate the greatest common divisor of w and y.
9
Suppose -3 = -3*t - 9. Let j be (-4)/8 + (-39)/t + -1. What is the greatest common divisor of j and 6?
6
Let f(d) = d**2 + 5*d + 6. Let t(k) = -2*k - 19. Let w be t(-13). Let r be f(w). Let v = 167 - r. Calculate the highest common factor of 7 and v.
7
Suppose 0 = 5*g - 50 - 55. Let k = g - 5. Suppose -u - 3*p - 2 = -21, -2*u = -5*p - k. Calculate the greatest common divisor of u and 143.
13
Let b be 2/(-4)*(0 - 2). Let v(q) = 2*q**2 - q + 1. Let w be v(b). Let f be (-2)/(-4)*w + 80. What is the highest common factor of 9 and f?
9
Suppose x - 2216 = -2*l, -l = -4*x - 1468 + 369. What is the greatest common factor of l and 18?
9
Let u = 113 + 47. What is the highest common factor of 40 and u?
40
Let t be (-1)/((-28)/(-60) - 4/10). Let m(b) = -b**3 - 13*b**2 + 27*b - 32. Let g be m(t). Calculate the greatest common divisor of 39 and g.
13
Suppose -3*n - 4414 = -4*d, -5780 + 261 = -5*d + 3*n. What is the greatest common divisor of d and 5?
5
Let u be 20/(-3 + 7)*9/15. Suppose u*t + 0*a = -2*a + 36, -4*t = -4*a - 28. Calculate the greatest common factor of 25 and t.
5
Let y(n) = n**2 + 5*n + 7. Let z be 36/162 - (-56)/(-9). Let a be y(z). Suppose 2*b + b = 156. Calculate the highest common divisor of a and b.
13
Let p = -268 - -278. What is the highest common factor of p and 15?
5
Let y(q) = q**2 - 4*q - 7. Let t be -4*(-2)/(-8)*-9. Suppose -4*l - 30 = -t*l. Let d be y(l). Calculate the greatest common factor of 10 and d.
5
Suppose 435 = 13*t - 8*t. Suppose -2*u = 3 - t. Suppose 40 = 2*j + 5*k, -2*j - 2 + u = 2*k. Calculate the highest common divisor of 220 and j.
20
Suppose -4*n - 200 = -2*a, 0*n = 2*a - 2*n - 208. What is the highest common divisor of 252 and a?
36
Let a(f) = -f**2 + 27*f - 6. Let m be a(26). Calculate the greatest common divisor of 4 and m.
4
Let n = -23 + 5. Let o be